236214 (base 7) to base 2
100111001101111001
Convert 21452 (base 6) to base 15.
d3e
Convert -1001212220 (base 3) to base 11.
-14903
-542010 (base 11) to base 13
-244523
Convert -4440021 (base 8) to base 14.
-231c41
-31303233000 (base 4) to base 14
-6a3236
Convert -5014614 (base 9) to base 15.
-37a421
Convert 61c068 (base 14) to base 15.
452470
What is 4786443 (base 9) in base 2?
1001111001110111101100
-1756a (base 11) to base 8
-60077
Convert -784bb9 (base 13) to base 8.
-12647502
Convert -4267b (base 13) to base 16.
-1d3ca
Convert 176055 (base 10) to base 2.
101010111110110111
2401107 (base 8) to base 3
1020022210012
-6051 (base 9) to base 3
-20001201
Convert -443454532 (base 6) to base 14.
-10c9824
Convert 2002121013 (base 4) to base 3.
1000010122000
Convert -1322543033 (base 6) to base 13.
-3379290
What is -1011222011220 (base 3) in base 6?
-21253123
Convert 47295 (base 15) to base 9.
374885
Convert 14102242210 (base 5) to base 4.
1010230233133
230412 (base 7) to base 10
41022
What is -250104244 (base 6) in base 10?
-4767652
-13005262 (base 7) to base 3
-2012212101111
What is -135525300 (base 7) in base 2?
-100010000000010111000110
What is -345a06 (base 16) in base 11?
-1a33777
326545 (base 9) to base 2
101111101000010001
What is -1000011001111001101 (base 2) in base 11?
-178a09
What is 203256 (base 8) in base 16?
106ae
-150540442 (base 7) to base 2
-100110000011101000111101
What is 2056306 (base 10) in base 9?
3773644
8276d2 (base 15) to base 6
340530142
Convert -13652365 (base 8) to base 13.
-847b8b
What is a8d45 (base 15) in base 7?
4362245
Convert -1914799 (base 10) to base 15.
-27c534
Convert -3445b (base 15) to base 5.
-20310421
-2110255 (base 6) to base 4
-121001123
Convert -10001100110001110000 (base 2) to base 5.
-121422444
142882 (base 10) to base 7
1133365
What is 2797991 (base 10) in base 15?
3a407b
What is -2bb5a (base 16) in base 6?
-3500510
What is -1000110111011100011100 (base 2) in base 9?
-4332242
Convert -12210102012020 (base 3) to base 4.
-23233220310
What is -204232142 (base 6) in base 3?
-20201011100022
What is 12005126 (base 7) in base 14?
1d874d
Convert -400163 (base 7) to base 12.
-32b62
102301230 (base 4) to base 10
76908
Convert -214387 (base 9) to base 3.
-20111102221
Convert -30012588 (base 9) to base 2.
-110110110001001110100011
What is -9b770 (base 16) in base 11?
-3a5475
What is -18068a2 (base 12) in base 3?
-100101102122012
-49119 (base 14) to base 4
-223212103
b8c80 (base 13) to base 8
1214067
-6141451 (base 7) to base 12
-2b4154
-2489b30 (base 12) to base 6
-413131300
What is -1011000011010011 (base 2) in base 8?
-130323
Convert -68550 (base 10) to base 5.
-4143200
What is 145535250 (base 6) in base 11?
1811540
Convert -1928dc (base 14) to base 13.
-252616
Convert -133ad7 (base 14) to base 13.
-1a2c9b
What is -146061 (base 10) in base 11?
-9a813
-18b16d (base 14) to base 4
-3111301231
Convert 1478323 (base 9) to base 8.
3100714
What is 4234403 (base 6) in base 9?
345043
464c38 (base 14) to base 6
123200430
Convert -928135 (base 11) to base 13.
-401cb8
Convert 2690249 (base 11) to base 9.
8653833
Convert 100100111111001100110 (base 2) to base 6.
41551050
What is 10110020202 (base 3) in base 9?
113222
Convert -25623430 (base 8) to base 7.
-66356004
What is -1b9a7aa (base 13) in base 8?
-43037716
What is 6073504 (base 8) in base 13?
441a72
-1010110001022 (base 3) to base 16
-924e9
Convert -237e7 (base 16) to base 12.
-70173
Convert -212622 (base 7) to base 14.
-d6b9
Convert -b8b3f4 (base 16) to base 9.
-24688457
Convert 81006 (base 9) to base 15.
10b83
Convert -462a07 (base 11) to base 16.
-b3ab9
What is 134130002 (base 5) in base 6?
22502010
What is -155ec (base 15) in base 4?
-100303233
305002 (base 9) to base 14
49c5c
Convert -1001101111011100011 (base 2) to base 12.
-134883
What is 5505610 (base 7) in base 13?
1a7bbc
What is -23a18 (base 15) in base 4?
-123233300
Convert -1840181 (base 11) to base 8.
-13713227
What is -1ea19 (base 15) in base 6?
-2051353
What is 100000011011101101 (base 2) in base 11?
90899
11001100001010000001 (base 2) to base 7
10051655
What is -446103 (base 14) in base 10?
-2321623
-1413a6 (base 11) to base 2
-110110000011110001
Convert 14340004 (base 5) to base 3.
21202012022
Convert aa0438 (base 16) to base 3.
202222002020002
-110101011111001111 (base 2) to base 6
-4410143
What is -15703b (base 12) in base 7?
-3046064
What is -45b87 (base 15) in base 4?
-312030121
Convert -6408a (base 12) to base 9.
-220257
What is 1141112402 (base 5) in base 14?
4d92d3
What is -146a3b (base 16) in base 9?
-2458242
What is -10011110100111100 (base 2) in base 13?
-2ac71
33d20 (base 14) to base 13
454b8
6140807 (base 11) to base 14
16260cc
Convert 20130322311 (base 4) to base 7.
24555330
What is 9345219 (base 10) in base 14?
1353999
Convert -21002002222 (base 3) to base 4.
-202000313
What is -5400644 (base 8) in base 4?
-11200012210
What is 1512065 (base 7) in base 13?
722c3
3a12b1 (base 12) to base 9
1716347
Convert 1689640 (base 10) to base 9.
3154667
What is -192574 (base 12) in base 8?
-1532650
142035121 (base 7) to base 16
8df4d5
What is 14469 (base 13) in base 6?
452240
10101010000011101 (base 2) to base 14
23a33
-2004430 (base 7) to base 15
-4a2c7
Convert 12022210031 (base 4) to base 8.
6124415
What is -11061000 (base 7) in base 5?
-221042231
150aa4 (base 11) to base 12
b43b8
Convert 916991 (base 10) to base 3.
1201120212122
What is 2621522 (base 7) in base 12?
1457a2
What is -2016644 (base 7) in base 6?
-5051255
What is -25711627 (base 8) in base 14?
-a958a3
Convert -35100301 (base 6) to base 12.
-441691
Convert 43760 (base 10) to base 5.
2400020
Convert 884a02 (base 12) to base 14.
404d58
-413443 (base 7) to base 8
-212345
Convert -32ed24 (base 16) to base 14.
-62c416
Convert -a3ac7c (base 13) to base 9.
-7165700
-23326221 (base 7) to base 10
-2057427
What is 7642 (base 12) in base 9?
18755
Convert 111101001011011 (base 2) to base 15.
9433
-26651423 (base 9) to base 11
-7467391
-4333547 (base 8) to base 12
-47bab3
Convert 10631775 (base 8) to base 16.
2333fd
Convert 1d6663 (base 16) to base 8.
7263143
What is 22202303 (base 4) in base 12?
20bab
What is 113415204 (base 6) in base 11?
1227680
Convert -22121100112212 (base 3) to base 13.
-c41885
What is 59204c (base 16) in base 12?
1b58238
What is 123332231123 (base 4) in base 13?
169a6b4
What is -4700335 (base 10) in base 12?
-16a8127
-40445550 (base 6) to base 12
-4798b6
Convert -1432446 (base 9) to base 5.
-200223034
-110000001110101000110 (base 2) to base 3
-2222021211210
Convert 9fc80 (base 16) to base 3.
1020020202102
Convert 23012113231 (base 4) to base 3.
12110211022211
301332233021 (base 4) to base 6
1144453305
-13a296 (base 11) to base 13
-7868a
Convert -250453012 (base 6) to base 15.
-64b5a2
Convert -7a5219 (base 14) to base 11.
-2393853
10034231042 (base 5) to base 4
212122223310
-5003625 (base 9) to base 8
-12113075
Convert 224bc3 (base 13) to base 6.
25212214
Convert 23203130100 (base 4) to base 15.
3ec61c
What is -113152 (base 8) in base 3?
-1221211011
Convert -1029297 (base 10) to base 9.
-1837833
What is 123042 (base 15) in base 5?
210331222
What is 27236 (base 10) in base 3?
1101100202
-2312441243 (base 5) to base 11
-2a33956
Convert -6263 (base 12) to base 5.
-320411
Convert 2344511 (base 6) to base 5.
12413000
Convert 1021131001 (base 4) to base 13.
a6c36
20423055 (base 8) to base 2
10000100010011000101101
What is 730361 (base 9) in base 4?
1221302230
Convert 2021112110021 (base 3) to base 8.
4475500
433231224 (base 5) to base 4
13010022200
-411142330 (base 5) to base 11
-a35935
-4633476 (base 9) to base 6
-125344453
What is -23bb11 (base 12) in base 8?
-2155575
1110101101101101111 (base 2) to base 3
220111101202
22dca (base 14) to base 4
110300312
167ad5 (base 16) to base 10
1473237
-102231303 (base 4) to base 12
-38443
What is -f8f5 (base 16) in base 3?
-10020102111
What is -1023003031 (base 4) in base 7?
-2420140
-4d67d (base 14) to base 6
-4030303
6840bc (base 14) to base 9
6603348
Convert -220001112001 (base 3) to base 4.
-1303212130
Convert 217c42 (base 13) to base 12.
320454
What is -65864 (base 10) in base 13?
-23c96
Convert -22c116 (base 14) to base 9.
-2206330
Convert -65b1b5 (base 13) to base 11.
-1396486
Conve